 highest common divisor of r and 28?
4
Let t be ((-100)/(-6))/((-3)/(-9)). Let n(m) = m + 2. Let l be n(2). Suppose 3*i = 2*i + 5, l*p = 3*i + 25. What is the greatest common divisor of t and p?
10
Suppose 2*z = -3*z + v - 21, -17 = 5*z + 3*v. Let s = z + 12. Let k be 2/2*1 - -31. Calculate the greatest common divisor of s and k.
8
Let s = 62 - 41. Calculate the highest common factor of 42 and s.
21
Suppose -4*d = 3*g - 5*g + 76, 5*d = -2*g + 40. Let y be (g - -6)*15/4. What is the highest common factor of y and 15?
15
Suppose 4*y - y = 9. Suppose 4*k = y*k + 9. What is the highest common divisor of 45 and k?
9
Let b = 278 - 153. Calculate the greatest common divisor of b and 25.
25
Let b = -44 + 65. What is the highest common divisor of 3 and b?
3
Suppose -30 = 3*z - 138. Let w(s) = 3*s - 6. Let a be w(6). What is the highest common divisor of a and z?
12
Suppose 21 = 4*y - 7*y. Let h be 0 - 7/(y/12). Calculate the greatest common factor of h and 12.
12
Let p be (-48)/10*20/6. Let m = -10 - p. Let f be (12/(-10))/(m/(-20)). What is the greatest common factor of 10 and f?
2
Suppose 0*t = 3*t - 6. Suppose 0 = -t*k - 200 + 60. Let l be k/(-21) + (-4)/(-6). What is the highest common divisor of 4 and l?
4
Let o be (-2 - 7/(-2))/((-15)/(-100)). What is the highest common factor of o and 40?
10
Let j(k) be the first derivative of -k**4/4 + 3*k**3 - 9*k**2/2 + 11*k - 2. Let q be j(8). Calculate the greatest common factor of q and 24.
3
Let f = 11 + -6. Let m(k) = k**2 - 2*k - 4. Let a be m(f). Let z = -58 + 135. Calculate the greatest common factor of a and z.
11
Let a be 6*-1*(-1)/3. Let t be -1 - -1*a - -6. Suppose 0 = -5*c + 15 + 20. Calculate the greatest common divisor of t and c.
7
Let s = 8 - 4. Suppose 0*x - s = -2*x. Suppose -2*r + 5*j + 10 = 0, 0*r - j - 18 = -x*r. Calculate the greatest common factor of r and 20.
10
Suppose -t + q + 119 = 3*t, 0 = -2*t - 2*q + 62. Suppose -4*u + 64 = b, 5*b + 8 + 2 = 2*u. What is the highest common divisor of u and t?
15
Let p(k) = -4*k + 12*k + 10*k. Let v(w) = -w**3 - 6*w**2 + 3. Let i be v(-6). Let a be p(i). Calculate the greatest common factor of 6 and a.
6
Suppose -4*y + 0*y = 4. Let d be 16/5 + y/5. Suppose 4*m - 3*m - 52 = -l, -12 = -d*l. What is the greatest common divisor of 16 and m?
16
Let l be (0 - -3)/(3/6). Suppose -6 = k + l. Let y be ((-2)/(-3))/((-2)/k). Calculate the highest common factor of 10 and y.
2
Let p = 212 + -113. What is the highest common factor of p and 11?
11
Let r be 12 + 37 + (0 - 1). What is the highest common factor of 32 and r?
16
Let b be (-1)/3 - 732/(-36). What is the greatest common divisor of 8 and b?
4
Let v(d) = d**2 - d + 2. Suppose -x = 5*y - 0*x + 2, -y - 4 = 2*x. Let z be v(y). What is the greatest common divisor of z and 22?
2
Let l = 108 + -56. Calculate the greatest common divisor of l and 13.
13
Let k be (-1)/1*(-7 - -14). Let s = k + 15. What is the highest common divisor of 56 and s?
8
Let n be (20/50)/((-1)/(-420)). What is the highest common factor of 21 and n?
21
Suppose 0 = -4*i - 2*l - 178, -5*i - 129 = -2*i - 3*l. Let f = i + 67. Calculate the highest common divisor of f and 161.
23
Suppose 6 = o - 3*w - 14, -o = w - 12. Let d = -315 + 441. What is the greatest common divisor of d and o?
14
Let y = -17 - 13. Let o be 6/y + (-451)/(-5). What is the highest common divisor of 18 and o?
18
Suppose -2*d + k + 42 = 4*k, 3*d - 2*k = 50. What is the greatest common factor of 3 and d?
3
Suppose -4*z = -0*z - 96. Let s(v) = -v**3 + 4*v**2 + 5*v - 5. Let l be s(4). Let y = -3 + l. Calculate the highest common factor of y and z.
12
Let k(o) = 90*o**3 + o**2 - 3*o + 2. Let n be k(1). Let i(d) = -3*d + 1. Let l be i(-3). Calculate the highest common divisor of n and l.
10
Suppose 3*m + 60 = 5*m. Suppose -2*o + 0*o + m = 0. What is the greatest common factor of 120 and o?
15
Let o(t) = -t**3 + 4*t**2 + 5. Let f be o(4). Suppose -1 = 4*h + 2*a + 5, 4*h - 3 = -f*a. Let i = h + 15. What is the greatest common divisor of i and 132?
12
Suppose 0 = 6*y - 11*y + 160. Calculate the highest common divisor of 64 and y.
32
Let s(g) = -5*g + 10. Let b(h) = -2*h - 2. Let z be b(2). Let m be s(z). Let k(y) = 17*y**2 - y. Let r be k(1). Calculate the highest common divisor of r and m.
8
Let s(q) = -q**3 - 7*q**2 - 8*q - 9. Let i be s(-6). Suppose -25 = -i*c - 2*c. Suppose -c*z + 0*z + 315 = 0. What is the highest common divisor of z and 9?
9
Let r(u) = -7*u**2 + u - 1. Let t be r(1). Let l = 14 + t. Let c be 40/6 + (-3)/(-9). What is the highest common factor of l and c?
7
Suppose 2*w - 30 = 60. What is the greatest common divisor of 9 and w?
9
Let x be (1 + -6)*(-11)/5. Let y be (2/1)/(1/x). Let n(p) = -16*p + 1. Let u be n(-2). What is the highest common divisor of u and y?
11
Let f = 11 + -11. Let l be 1 + 23 - f/4. Calculate the greatest common factor of l and 3.
3
Let q = -25 - -8. Let y be (-2)/(2 - (0 + 4)). Let w be (-1)/(18/q + y). Calculate the greatest common divisor of 153 and w.
17
Let y = 204 + -82. What is the greatest common divisor of 61 and y?
61
Let q be 22 - 0*1/(-3). Let j = -15 + q. Calculate the highest common factor of j and 63.
7
Suppose 0 = 5*g + 5, 5*r - 5*g + 3 = 28. Calculate the highest common divisor of 20 and r.
4
Let v be (-4)/12 - 19/(-3). Let k = v + 0. What is the highest common divisor of k and 9?
3
Let z(d) = 10*d - 9. Let c be z(9). Calculate the greatest common divisor of c and 9.
9
Let q = 21 - 5. Suppose 0 = 3*x + 5*o - 61 + q, -4*o - 60 = -4*x. Suppose 4*r + 3*k - x = 13, -2*k = -3*r + 38. Calculate the greatest common factor of 4 and r.
2
Suppose -4*z = -6 - 6, f = 3*z - 7. Let s(a) = 1 + 82*a + 1 - 1. Let r be s(f). What is the greatest common factor of 15 and r?
15
Let h = -11 + 24. Calculate the greatest common factor of 13 and h.
13
Let q(j) = j + 4. Let z be q(5). Suppose -3*i + 2*g + 6 + 6 = 0, 3*g + z = 0. Let k = 8 - i. Calculate the highest common factor of 66 and k.
6
Let d(r) = r - 13. Let o be d(15). What is the greatest common divisor of o and 6?
2
Let n = 84 + -52. Calculate the highest common factor of 16 and n.
16
Let v(n) = -n**3 + n**2 + n - 1. Let m(t) = 4*t**3 + 3*t**2 + 10. Let p(i) = -m(i) - 3*v(i). Let u be p(-6). Calculate the greatest common factor of u and 121.
11
Suppose 0 = i - 5*i + 44. Let p be (0 - -11)/(2/18). Calculate the highest common factor of i and p.
11
Let b(p) = p**2 - 2*p + 2. Suppose 16 + 14 = -5*r. Let v = r + 9. Let y be b(v). Calculate the greatest common factor of 15 and y.
5
Let r = 59 - -33. What is the highest common divisor of 23 and r?
23
Let l = 11 - 7. Suppose -l*v + v + 18 = 0. Calculate the greatest common divisor of v and 54.
6
Suppose 5*n - 13 = 17. Let l be 64/n*(-5 + 11). Calculate the greatest common divisor of l and 16.
16
Let r(q) = q + 1. Let c be r(4). Suppose -4*g + 6*g = 2. Suppose x - 2*f = 7, x = -x - f - g. What is the highest common divisor of x and c?
1
Let n be 21/(-27) + (-4)/18. Let f be n/2 + 196/8. What is the greatest common divisor of f and 240?
24
Let n = -5 + 25. What is the highest common divisor of 100 and n?
20
Let x(w) = w**2 + 2*w - 3. Let k be x(-4). Suppose -6 = -k*y - 1. What is the highest common divisor of y and 11?
1
Let a(i) be the first derivative of -i**2/2 + i + 1. Let n be a(-2). Suppose -4*t + 5 = m, n*m - m - 3*t = 21. Calculate the greatest common factor of m and 99.
9
Suppose -w = -2*w + 24. Suppose -2*b + 2 = -w. Let v = 15 + 50. Calculate the highest common factor of v and b.
13
Let s(o) be the first derivative of 29*o**2 - 4*o - 8. Let p be s(2). What is the greatest common factor of p and 14?
14
Let f be 4/(-8) - 65/(-2). What is the greatest common divisor of 288 and f?
32
Let j(d) = d**3 - 8*d**2 + 5*d - 12. Let h be j(8). Let c be h/(4 - (-4)/(-2)). What is the highest common factor of 7 and c?
7
Suppose -5*b - 2*j - 5 = 0, -3*j + 2*j = -5. Let c be -1*(1 + 0) - b. Let s be 3/((-31)/(-14) + -2). Calculate the greatest common divisor of c and s.
2
Suppose -5*z - 226 = -3*x, -17 = 5*z - 7. What is the greatest common factor of x and 18?
18
Let g = 0 - -2. Let f be (-580 - g/1) + 0. Let w be 2/6 - f/9. Calculate the greatest common factor of 26 and w.
13
Let j(k) = -2*k**3 - k**2 + 3*k + 5. Let y be j(-2). Calculate the high